 x be (11/2)/(5/(-10)). Let n be p(x). Let k(g) = -7*g**2 - 1. Determine k(n).
-8
Suppose 5775*a + 52 = 5788*a. Let g(z) = -z**3 + 2*z**2 + 3. Let p(d) = -d**3 + d**2 + 3. Let q(x) = 3*g(x) - 2*p(x). Calculate q(a).
3
Let g(d) = -24*d**2 - 3*d - 2. Suppose 5 = -2*h + 96*v - 93*v, -5*h = -2*v + 7. Determine g(h).
-23
Let d(g) = -15*g**3 - g. Let c be d(1). Let l = -61 + 50. Let o = l - c. Let z(b) = -b**3 + 6*b**2 - 3*b - 2. Determine z(o).
8
Let k(a) be the first derivative of -1 - 1/4*a**4 + a**2 + 0*a + a**3. Let u = 23 - 20. What is k(u)?
6
Let l(a) be the second derivative of a**4/12 + a**3 + 3*a**2/2 - 176*a. Suppose 3*r = 6*r + 9. Determine l(r).
-6
Suppose -3*g - 2*b = b + 3, 4*g = b + 1. Let k(z) be the first derivative of -z**4/4 + z**2/2 - 20*z + 3. Give k(g).
-20
Let l(b) = 2*b + 15. Let t = -381 - -372. What is l(t)?
-3
Let l(u) = -u**2 + 0 - 3 + 6 + 2*u + u. What is l(3)?
3
Let j = 126 - 87. Let l(o) = 22*o**2 - j*o**2 - 4*o + 18*o**2 + 2. Give l(6).
14
Let o be 1776/180 - 4/(-30). Let u be o/(-4)*72/(-45). Let a(q) be the third derivative of -q**5/60 + q**4/8 - 2*q**2. What is a(u)?
-4
Let w(r) = 11*r + 15. Let l(c) = 5*c + 8. Let k(f) = -9*l(f) + 4*w(f). Let p be k(-5). Let n(o) = -o**3 - 8*o**2 - 8*o - 8. Calculate n(p).
-1
Suppose 5*y = 24 - 9. Let k(q) be the second derivative of q**4/12 + q**3/6 - q**2/2 + 89*q + 3. Calculate k(y).
11
Let x be -1 - ((-20)/2 - 32/(-16)). Let y(k) = 2*k - 6. Determine y(x).
8
Let t(l) = 32*l + 281. Let u be t(-9). Let c(x) = -x**3 - 7*x**2 + 2*x + 5. Determine c(u).
-9
Suppose -3*v + 0*v + 9 = 0, b - 2 = -3*v. Let i(a) be the third derivative of -a**5/60 - 5*a**4/24 + a**3/2 - 992*a**2. Determine i(b).
-11
Let u(s) be the first derivative of s**6/60 + s**5/30 - s**4/24 + 2*s**2 + 21. Let d(b) be the second derivative of u(b). Give d(1).
3
Suppose -16 - 11 = -9*p. Let s(z) = -6*z + 2*z + 5*z**2 + z + p - z**3. What is s(4)?
7
Let c(u) = -u - 1. Let z(d) = 2*d**3 - 2*d**2 - 4*d - 3. Let b(f) = -2*c(f) + z(f). Determine b(-1).
-3
Suppose 0 = -y - 2*y + 66. Suppose 0 = -2*g + 5*k - k + 44, 3*g - 4*k - 68 = 0. Let d = g - y. Let i(x) = -x**3 + 2*x**2 - 2*x + 1. Calculate i(d).
-3
Let t(w) = w**2 - 2*w - 11. Suppose -22*j - 8*j = 5*j. Give t(j).
-11
Let l(q) = 15*q - 13 + 3*q - 27*q. What is l(-7)?
50
Suppose 4*b - 24 = b + 3*x, 0 = -b + 2*x + 10. Let c(j) = 10 + j**2 - 5 - 8 - 4*j + b*j. Give c(2).
5
Let n(w) = -2*w + 6. Let x(z) = z**2 + z. Let a(q) = n(q) + 3*x(q). Let g(m) be the first derivative of a(m). Calculate g(-1).
-5
Let r(l) be the third derivative of l**9/60480 + l**8/6720 - l**6/360 + 7*l**5/15 + 14*l**2. Let k(g) be the third derivative of r(g). Give k(-3).
-2
Let j(o) = -o**2 - 6*o - 10. Suppose 565 - 533 = -4*q. Determine j(q).
-26
Suppose 4*g - a - 12 = 3*a, 0 = 5*g + a - 9. Let y(f) = 1 + 2*f**3 - 4 + 4*f - 3*f + g*f**2 - 3*f**3. Calculate y(3).
-9
Let m(l) = -8*l - 19*l**2 - 25*l**2 - 9 + 1 + 78*l**2 + l**3 - 27*l**2. What is m(-8)?
-8
Let f(b) be the third derivative of 0*b + 0 + 0*b**3 - 5*b**2 - 3/20*b**6 + 0*b**4 + 0*b**5. Determine f(-1).
18
Let s(f) = -182*f**3 - 7*f + 90*f**3 + 93*f**3 + 5*f**2 - 7. Determine s(-6).
-1
Let q = 5 + -5. Suppose 5*i - 7 = 4*z, -5*z + 16 = 2*i - q*i. Let c(h) = -5*h + 0*h - 2*h**2 + h**2 + h**3 + h + z. Give c(3).
8
Let r(y) = -y**2 - y - 4. Suppose w = 5*v + 4*w - 6, -4 = -2*w. Determine r(v).
-4
Let f(y) = -2*y**2 - 8*y - 8. Suppose 3*v + 5*r = -27, 2*r + 15 - 9 = 0. Determine f(v).
-8
Let x(u) = -10*u + 33. Let h(d) = 2*d - 7. Let v(k) = 4*h(k) + x(k). Let o be 2 + 1 + (3 - 2). Give v(o).
-3
Let y(c) = -2*c**2 + 391 - 3*c**2 - 391. Determine y(2).
-20
Let c be 3*8/48 - 21/6. Let o(x) = -x**3 - 4*x**2 - 2*x - 4. What is o(c)?
-7
Let k(t) = t**3 + 7*t**2 + 5*t - 4. Let h be k(-6). Let m(i) = -h*i + 5 - i - 2. Let s = 16284 + -16280. What is m(s)?
-9
Let j(y) = 2*y**2 - 5*y + 2. Suppose 0 = -h - 3*s + 13, -s - 52 = -5*h - 3*s. Suppose 5*f = 5 + h. Give j(f).
5
Suppose 3 - 6 = -3*k. Let w(f) = -13*f**3 + f**3 - k + 0. Suppose 1394 = -2*p + 1396. Calculate w(p).
-13
Let u(r) = -3*r + 2*r**3 + 3*r**2 - 6 + r**2 - r**3. Suppose -2*s = 8*s - 460. Let h = s - 50. Give u(h).
6
Let m = 236 - 239. Let o(q) = q + 1. Give o(m).
-2
Let q(l) be the third derivative of -l**5/60 + 5*l**4/24 + 4*l**3/3 + 40*l**2. Determine q(6).
2
Suppose 46 = 4*w - 22. Let c = w - 11. Let l(s) = s**3 - 6*s**2 - s + 4. Calculate l(c).
-2
Let p = 14 + -18. Let m be -1 + -3 - (-9 + p). Let i = m + -15. Let v(l) = -l**3 - 7*l**2 - 4*l + 5. What is v(i)?
-7
Let m be (39/2)/((-3)/(-6)). Suppose -2*k + 34 = -k. Let r = m - k. Let w(z) = -z**3 + 6*z**2 - 5*z - 7. Determine w(r).
-7
Suppose -5*r + 15 = 0, 1 = 3*n - 4*n + 3*r. Let a(g) be the third derivative of -1/60*g**5 - 1/3*g**3 - n*g**2 + 0 + 0*g - 1/12*g**4. Give a(-2).
-2
Let t = 30 - 23. Let p(o) = -3*o + 21. Let w be p(t). Let d(y) = -y**2 + y - 1. Give d(w).
-1
Let l(p) = -p**2 - p - 5. Let j(u) = -6*u**2 + u - 19. Let r(q) = j(q) - 5*l(q). Calculate r(7).
-1
Let b(v) = -2*v**3 + 28*v**2 - 15. Let o be b(14). Let w(y) = y**2 + 14*y - 10. Calculate w(o).
5
Let a(n) be the first derivative of -n**2 + 4 - n**3 + 2*n - 1/2*n**4. Give a(-2).
10
Let t(m) = -11*m**2 + 2*m + 1. Let o be (-12)/(-3)*(2 + -1). Suppose x + k = -2, -o*x - k + 2 - 7 = 0. What is t(x)?
-12
Let t = 270 + -287. Let y(j) = -j**2 - 17*j - 5. Calculate y(t).
-5
Let p(w) = -w**2 + w + 4. Let v = -8 - -1. Let d be -2 + (-2 - (-2 + v)). Suppose x = d*t - 13, -x = -0*t + t - 5. Give p(t).
-2
Let t(p) be the third derivative of -p**5/10 - 5*p**4/24 + 5*p**3/6 - 10*p**2. Let h be t(1). Let q(s) = -s**3 - 7*s**2 - 7*s + 5. What is q(h)?
11
Let q be 1/2 - (-7)/2. Let u = 3 - q. Let y(m) = -7*m**2 - 1 + 8*m**2 + 0*m**2 + 3*m**3 + 0*m**3. Calculate y(u).
-3
Let j(o) = -o**3 + o**2 - 42*o + 36. Let v(l) = -2*l**3 + 2*l**2 - 77*l + 71. Let y(i) = 11*j(i) - 6*v(i). Calculate y(0).
-30
Let b(d) = -10*d**2 + d + d + 4*d**3 - 4*d**3 - 5*d**3 + 7*d**2. Give b(1).
-6
Let h be (53 - 1) + (-30)/10. Suppose -17 = 4*f - h. Let y(u) = u**2 - 8*u - 6. What is y(f)?
-6
Let j(c) be the second derivative of -c**3/6 - 4*c**2 - c. Let h be (-26)/117*-3*-12. Calculate j(h).
0
Let q(p) = -p**2 + 4*p - 3. Let j(b) be the second derivative of -7*b + 0 + 1/12*b**4 + 2*b**2 - 1/2*b**3. Let l be j(3). Give q(l).
-3
Let f(a) be the second derivative of 0 + 1/2*a**3 - 1/12*a**4 - 5*a - 3/2*a**2. Calculate f(4).
-7
Suppose -5*g = -4*g - 4. Suppose -3*a = k + 2*k + 6, -g*a + 12 = -k. Let n(s) = -3*s**2 + 2 + 69*s - s**3 - 2 - 2 - 65*s. Determine n(k).
-2
Let q(y) = 6*y + 3. Let z(i) = -12*i - 7. Let k(o) = 5*q(o) + 2*z(o). Suppose -5*t - 9 = 1. Calculate k(t).
-11
Let o(m) = m - 7. Let p(u) = -1. Let g(h) = -2*o(h) + 18*p(h). Let n = 11 + -1. Suppose -3*b = -b + n. Calculate g(b).
6
Let a(k) = 16*k**3 + k. Suppose 2*j - b - 27 = j, -5*j + 2*b = -138. Let l be 9/(-12) - 7/j. Determine a(l).
-17
Let c(u) = -5*u. Let s be 7/3 + (-13)/39. Suppose -3*h + 18 = s*q + h, 2*q - 2*h = 0. Suppose m - 2*m = -q*z - 2, 0 = z - m. What is c(z)?
5
Suppose 14 = -4*s - 2*u - 10, 6 = -s - 4*u. Let a(p) = -p - 15. What is a(s)?
-9
Let v be 2*6/(-36)*12. Let g(r) = 5*r + 5. Give g(v).
-15
Suppose 4*f - 2*i - 38 = 0, -3*f = -i + 2*i - 41. Let v(n) = -2*n + 11. Determine v(f).
-13
Let f(h) = -7*h + 5. Let s = -187 + 189. What is f(s)?
-9
Let r(i) = 6*i**2 + 13*i - 2. Let x(c) = -8*c**2 - 14*c + 2. Let b(w) = -5*r(w) - 4*x(w). Let l = 21 + -15. Give b(l).
20
Let c(m) = 5 - 10*m + m + 11*m - 10*m. Calculate c(-3).
29
Let w(d) = -d**3 + 38*d**2 + 39*d + 4. Let l be w(39). Let z(h) = -4*h**2 + 7*h - 6. Let x(s) = -3*s**2 + 6*s - 5. Let b(a) = 3*x(a) - 2*z(a). What is b(l)?
-3
Let s(t) = 8*t**2 + t - 3. Let p(k) = 0*k**2 - 5*k**2 - 2 + 12*k**2. Let o(d) = 5*p(d) - 4*s(d). Let f = 124 + -122. What is o(f)?
6
Let c(g) be the first derivative of g**4/4 - g**2/2 - 5*g - 8. Let y be c(0). Let q(u) = -3*u - 3. Determine q(y).
12
Let b(p) be the first derivative of -1/4*p**4 + 11/3*p**3 + 4*p - 11/2*p**2 + 8. Calculate b(10).
-6
Let n be 3 + 4*(-3)/6. Let d(w) = -230 + 117 - 2*w**2 + 112. Determine d(n).
-3
Let f be (-3)/(-4) + (-150)/(-24). Let w = f - 2. Let j(s) = s**2 - 6*s - 4. Determine j(w).
-9
Suppose 28 + 25 = -4*o + 5